2, 3
Let o(p) = p - 5. Let c be o(13). Let y(v) = v**3 - 6*v**2 - 8*v - 9. List the prime factors of y(c).
5, 11
Let x(w) = w**2 + 18*w + 428. List the prime factors of x(-36).
2, 269
Let q(p) = 209*p + 3. What are the prime factors of q(2)?
421
Let i = 6 - -26. Suppose -i = -7*x + 3*x. Suppose -j = 2*j + 5*h - 17, -x = 4*h. What are the prime factors of j?
3
Let z = 501 - 168. Suppose 0 = -4*u - 13 + z. What are the prime factors of u?
2, 5
Suppose -3*n + 0*n - 498 = 0. What are the prime factors of (n/6)/(3/(-9))?
83
Suppose -y + 2 = -2*d, -4*d - 12*y + 11*y + 2 = 0. Suppose 0 = -6*w + 3*w + 9. Suppose 2*b + 7 - w = 0, -4*q + 2*b + 76 = d. List the prime factors of q.
2, 3
Suppose -1268 + 16958 = 10*x. List the prime factors of x.
3, 523
Suppose -11*n + 9092 = 1315. Suppose 0 = 9*z - n - 841. What are the prime factors of z?
2, 43
Suppose -5*r + 3*i = 2*i - 11, -5*r + 5*i - 5 = 0. Suppose 5*x + 4*u = 616, 5*x - u = x + 476. Suppose -x = -2*g - r*g. List the prime factors of g.
2, 3
Let a be (-4 - 3) + -4 + -4. Let k(o) = o**2 + 14*o - 16. Let w be k(a). List the prime factors of 2 + (-34)/w + 1.
37
Let f be 3/(-4) + 3/4. Suppose f = j + j. Suppose -2*y - 18 + 88 = j. What are the prime factors of y?
5, 7
Suppose 0 = -10*p + 100 + 820. Suppose 3*j = j + p. List the prime factors of j.
2, 23
Suppose -17 = -4*w - 9. Suppose w*n - 192 = 5*v, -2*n + 3*v = -7*n + 418. List the prime factors of n.
2, 43
Suppose 13*i - 9*i + 436 = 0. Let b = 161 + i. What are the prime factors of b?
2, 13
Let i(z) = -2*z**3 + 62*z**2 - 12*z - 94. List the prime factors of i(28).
2, 2137
Let l(x) = -2*x**2 + x + 6. Suppose -n - 9 = -4*n. Let q be l(n). Let p = q - -12. List the prime factors of p.
3
Let g(y) be the second derivative of 3*y**3 + 2*y**2 + 4*y. What are the prime factors of g(3)?
2, 29
Suppose -16*w = -13*w - 1356. Suppose -5*p = w + 33. Let o = -69 - p. What are the prime factors of o?
2, 7
Suppose -i + 6 = -3*b, -4*i = -0*i + 2*b - 10. Suppose 3*s - 2 + 42 = 4*u, 0 = 4*s + i*u + 20. List the prime factors of (-6)/s - 279/(-12).
2, 3
Let s = -2403 + 4877. List the prime factors of s.
2, 1237
Let n be (-2)/3*198/(-44). Suppose 4*s = n*s + 4. Suppose c + u - 44 = -c, -86 = -s*c - u. What are the prime factors of c?
3, 7
Let m(t) be the second derivative of -t**5/5 - t**4/12 - t**3/3 - 3*t. Let l be m(-2). Let p = l - 24. What are the prime factors of p?
2
Suppose 0 = -5*l + y + 839, -2*y + 680 = 4*l - 5*y. What are the prime factors of l?
167
Let d be (-3 - -4) + (2 - 1). Suppose r - 8 - d = -2*t, -2 = r - t. Suppose 2*o = -r*n + 40, -5*o + 0*n + 135 = -2*n. List the prime factors of o.
5
Let z(m) = 409*m - 1. What are the prime factors of z(1)?
2, 3, 17
Let f be ((-235)/(-10))/((-3)/(-12)). Suppose 2*i - 22 + 128 = 0. Let a = f + i. What are the prime factors of a?
41
Let x be (-2)/(-4)*(0 + 0). Let y(r) = r - r - r + x. What are the prime factors of y(-4)?
2
Suppose 2*b + 0*b + 3*p + 76 = 0, -5*b - 4*p = 176. Let j be 588/(-70)*(-5)/2. Let x = j - b. What are the prime factors of x?
53
Suppose 7*n - 23 - 26 = 0. Suppose n*j - 1158 = -171. What are the prime factors of j?
3, 47
Suppose 0 = -2*c - 2*c + 60. Let u(n) be the third derivative of -n**5/60 + 7*n**4/12 + 10*n**3/3 - 35*n**2. What are the prime factors of u(c)?
5
Let c = -23 + 26. Suppose 2*z - 288 = -a, 0*a + c*a = 2*z - 280. List the prime factors of z.
11, 13
Suppose -q - 418 = -u + 39, -q - 913 = -2*u. What are the prime factors of u?
2, 3, 19
Let n be (-185 + 0)/((-6)/12). Let p = -200 + n. List the prime factors of p.
2, 5, 17
Let w = 50 + -52. What are the prime factors of w*(-3087)/30 - (-1)/5?
2, 103
Suppose 420 = 4*j + 3*l - 293, -2*l - 920 = -5*j. What are the prime factors of j?
2, 7, 13
What are the prime factors of -363*4/(-3) + -1?
3, 7, 23
Let x(q) = -q**3 - 25*q**2 - 22*q + 35. Let o be x(-24). What are the prime factors of (-2)/(-1) - o/((-78)/(-816))?
2, 3, 23
Suppose 0 - 5 = -j. Suppose -6*b = -b - j. List the prime factors of b*-7*(-2 - 2).
2, 7
Suppose -4*a + 2*a - 3*x = -1199, 4*a - 2*x - 2374 = 0. Suppose 0 = -2*v - 3*v + 3*c + a, -212 = -2*v - 4*c. List the prime factors of v.
2, 29
Suppose -21*c + 22*c = 3. Suppose -c*h + 2*o - 6*o = -186, -2*o + 6 = 0. Let i = h - 35. List the prime factors of i.
23
Let t be -4*(2 - (252/(-8))/(-3)). Suppose -q = 1 - 4. Suppose -o - t = -q*o. List the prime factors of o.
17
Let u be ((-9)/(-12))/((-1)/(-4)). Suppose 2*h - u*o - 26 - 70 = 0, 0 = o + 4. What are the prime factors of h?
2, 3, 7
Suppose 286 + 59 = -3*t. Let u = 205 + t. List the prime factors of u.
2, 3, 5
Suppose -18*b + 17407 = -5*b. What are the prime factors of b?
13, 103
Let h(v) = v + 2. Let k = 4 + -2. Let t be h(k). Suppose s - t*q - 16 = 10, -2*s + 40 = -2*q. List the prime factors of s.
2, 3
Let i be 19*1*(-1 + 16). Suppose -4*l + i = -375. List the prime factors of l.
3, 5, 11
Let r = 1 - -3. Suppose -2*y - y - 334 = -r*b, -170 = -2*b + 3*y. Suppose -4*j + b = 3*t, 2*t - 62 = 3*j - 6*j. List the prime factors of j.
2, 11
Let g(s) = 89*s - 3. What are the prime factors of g(8)?
709
Let n(s) = -7*s**3 - 4*s**2 - 13*s - 9. What are the prime factors of n(-1)?
7
Let m(c) = 13*c**3 - 12*c**2 + 6*c + 10. What are the prime factors of m(7)?
3923
Suppose 28*s = 14225 + 16687. What are the prime factors of s?
2, 3, 23
Let y = 26 - 22. Suppose y*t - 46 = 126. List the prime factors of t.
43
Suppose -139*g + 404 = -135*g. List the prime factors of g.
101
Let d(u) = -u**3 + 7*u**2 - 7*u + 6. Let o be d(6). Suppose 3*i - 17 + 5 = o. List the prime factors of 204/15 + i/10.
2, 7
Let i(s) = 140*s + 256. List the prime factors of i(8).
2, 43
Let t(h) = 1159*h**2 + 5*h + 7. What are the prime factors of t(-1)?
3, 43
Let k = 12 + -10. Suppose k*d + 3 = 3*d. Suppose 5*o = d*o + 8. List the prime factors of o.
2
Let k be -2*(-1 + 2) - -4. Suppose 2*n = -5*b + 17, 0 = -2*b - 2*n - k*n + 10. Suppose -156 = -b*z - 3*f, 5*z + 2*f - 228 = 20. List the prime factors of z.
2, 3
Let w = 0 + -13. Suppose -3*j + 92 = j. Let u = w + j. List the prime factors of u.
2, 5
Suppose 0 = 57*a - 34*a - 12558. What are the prime factors of a?
2, 3, 7, 13
Let y(s) = -802*s + 13. List the prime factors of y(-1).
5, 163
Let h(n) = -10*n**3 - 6*n**2 - 5*n + 1. What are the prime factors of h(-4)?
5, 113
Let q(l) = 2*l**2 + 3*l + 445. List the prime factors of q(30).
5, 467
Suppose 33427 = 36*l - 89009. List the prime factors of l.
19, 179
Let n(g) = -g + 8*g - g + 1. List the prime factors of n(1).
7
Suppose 2*n + l - 3 = 0, -3*l = 3*n + n - 11. Let r(h) = -173*h - 2. List the prime factors of r(n).
3, 19
Suppose 0 = 14*f - 2192 - 1770. What are the prime factors of f?
283
Let h(q) = q**2 + 2*q + 7. Let f be h(-5). Let r = f - 20. Suppose w + 54 = r*w. List the prime factors of w.
2, 3
Let a(p) = p + 9. Let v be a(-5). Let c = -3 + 6. Suppose -v*q - 3*g + 7 = -c*q, 0 = -5*q + 3*g + 53. List the prime factors of q.
2, 5
Suppose 5*i - 6385 = -5*n, 3*i + 1121 = 2*n - 1418. List the prime factors of (-26)/(-143) - n/(-11).
2, 29
Suppose -412 = -n - 4*x + 1554, -x - 7830 = -4*n. List the prime factors of n.
2, 11, 89
Let m(y) = y**3 - 6*y**2 - 10*y - 6. Let j be m(8). Suppose -247 + j = -5*q. What are the prime factors of q?
41
Let v = 507 - 355. Suppose -4*u - 8 = -v. List the prime factors of u.
2, 3
Suppose 0 = -b - 6*b + 511. Suppose 2*l - 5*g - b = 0, 2*g - 3*g = 2*l - 91. What are the prime factors of l?
2, 11
Let f = 203 - 46. Let o = -105 + f. What are the prime factors of o?
2, 13
Let p(y) = -5 + 17 - 26*y - 6. List the prime factors of p(-5).
2, 17
Let m = 8 - 19. Let u(h) = -h**3 - 10*h**2 + 13*h - 2. Let n be u(m). Let t = n - -94. What are the prime factors of t?
2, 5, 7
Let o = 83 - 51. List the prime factors of o/(-5)*((-60)/2)/3.
2
Let t be 12/(-8)*((-11212)/(-3))/2. List the prime factors of 265/85 + -3 + t/(-17).
3, 5, 11
Let y(r) = -r**3 - r**2 - 3*r - 6. Let l be y(-2). Suppose 6*n - 422 = n - l*g, -5*n = 2*g - 426. What are the prime factors of n?
2, 43
Let r(o) = 42*o**3 + o**2 - 7*o - 2. What are the prime factors of r(4)?
2, 7, 191
Suppose p - 2 = -5, -2*p = 2*n - 6472. List the prime factors of n.
41, 79
Let b = 3292 + -1772. List the prime factors of b.
2, 5, 19
Let p = 2932 + -